he greatest common divisor of 2548 and 273.
91
What is the greatest common factor of 81 and 54?
27
What is the greatest common divisor of 2266 and 206?
206
Calculate the highest common divisor of 1178 and 57.
19
Calculate the greatest common divisor of 961 and 62.
31
Calculate the highest common factor of 6858 and 54.
54
What is the highest common factor of 16719 and 3?
3
Calculate the highest common divisor of 408 and 170.
34
What is the greatest common divisor of 243 and 54?
27
What is the greatest common divisor of 13284 and 164?
164
What is the highest common divisor of 130 and 290?
10
What is the greatest common divisor of 1616 and 16?
16
What is the greatest common factor of 161 and 14?
7
Calculate the greatest common divisor of 5929 and 242.
121
What is the highest common factor of 155 and 93?
31
What is the greatest common factor of 17 and 136?
17
What is the highest common divisor of 47 and 329?
47
Calculate the highest common factor of 164 and 82.
82
What is the greatest common factor of 36 and 532?
4
Calculate the greatest common divisor of 688 and 80.
16
Calculate the greatest common factor of 381 and 5842.
127
Calculate the highest common factor of 1764 and 1113.
21
Calculate the greatest common divisor of 12337 and 73.
73
What is the greatest common divisor of 112 and 784?
112
Calculate the highest common factor of 217 and 248.
31
What is the highest common factor of 18446 and 92?
46
Calculate the greatest common factor of 165 and 2940.
15
Calculate the highest common factor of 6606 and 18.
18
Calculate the greatest common divisor of 11 and 528.
11
Calculate the highest common factor of 12 and 148.
4
What is the highest common divisor of 176 and 28?
4
What is the highest common factor of 351 and 39?
39
Calculate the highest common factor of 220 and 2794.
22
What is the greatest common divisor of 2 and 18?
2
What is the highest common divisor of 159 and 53?
53
Calculate the highest common divisor of 108 and 459.
27
What is the greatest common factor of 160 and 200?
40
What is the greatest common factor of 688 and 2021?
43
What is the greatest common factor of 1 and 673?
1
Calculate the highest common factor of 182 and 42.
14
Calculate the highest common factor of 190 and 38.
38
What is the highest common factor of 11 and 88?
11
What is the greatest common factor of 220 and 7080?
20
Calculate the highest common factor of 54706 and 34.
34
Calculate the highest common divisor of 1782 and 132.
66
Calculate the greatest common divisor of 8 and 520.
8
What is the greatest common factor of 74 and 9398?
74
Calculate the highest common divisor of 13 and 5.
1
What is the highest common factor of 1575 and 50?
25
Calculate the highest common factor of 36 and 9234.
18
What is the highest common divisor of 9 and 2016?
9
What is the highest common factor of 36 and 1884?
12
What is the highest common divisor of 19 and 57703?
19
Calculate the highest common divisor of 360 and 72.
72
What is the highest common divisor of 303 and 2727?
303
Calculate the highest common divisor of 39 and 208.
13
Calculate the greatest common divisor of 5478 and 132.
66
Calculate the highest common factor of 54 and 882.
18
Calculate the greatest common divisor of 423 and 94.
47
What is the greatest common divisor of 260 and 1391?
13
What is the highest common divisor of 709 and 1?
1
Calculate the greatest common divisor of 45 and 195.
15
Calculate the greatest common divisor of 51 and 255.
51
What is the highest common divisor of 51 and 119?
17
Calculate the highest common divisor of 21 and 168.
21
What is the highest common factor of 996 and 156?
12
Calculate the greatest common factor of 2 and 1194.
2
Calculate the highest common divisor of 198 and 759.
33
Calculate the highest common divisor of 97 and 2.
1
Calculate the greatest common factor of 57 and 9.
3
What is the greatest common factor of 54 and 4?
2
Calculate the greatest common divisor of 1120 and 8512.
224
Calculate the greatest common factor of 15 and 5870.
5
Calculate the highest common divisor of 700 and 3100.
100
Calculate the greatest common factor of 5734 and 122.
122
What is the greatest common factor of 1768 and 520?
104
What is the highest common divisor of 537 and 7876?
179
What is the greatest common factor of 2464 and 112?
112
Calculate the greatest common factor of 18 and 231.
3
Calculate the highest common factor of 112 and 84.
28
What is the greatest common factor of 20 and 30?
10
Calculate the highest common divisor of 3090 and 15.
15
Calculate the highest common factor of 1521 and 54.
9
Calculate the greatest common factor of 738 and 36.
18
What is the highest common factor of 42 and 2499?
21
What is the greatest common divisor of 4 and 964?
4
What is the greatest common factor of 112 and 168?
56
Calculate the greatest common divisor of 64 and 1016.
8
What is the highest common factor of 23737 and 7?
7
Calculate the highest common divisor of 704 and 11.
11
Calculate the greatest common divisor of 4437 and 17.
17
Calculate the greatest common factor of 4 and 524.
4
Calculate the highest common divisor of 366 and 1342.
122
What is the highest common factor of 1054 and 102?
34
What is the greatest common divisor of 3959 and 107?
107
What is the highest common divisor of 162 and 36?
18
Calculate the highest common divisor of 28 and 476.
28
What is the greatest common divisor of 924 and 385?
77
Calculate the highest common divisor of 936 and 104.
104
Calculate the highest common factor of 247 and 65.
13
Calculate the greatest common factor of 20 and 9130.
10
Calculate the greatest common divisor of 21 and 308.
7
Calculate the highest common factor of 84 and 8.
4
Calculate the greatest common factor of 224 and 288.
32
Calculate the greatest common factor of 1935 and 90.
45
What is the highest common divisor of 20076 and 14?
14
What is the highest common divisor of 26 and 18694?
26
What is the greatest common divisor of 800 and 25?
25
Calculate the highest common factor of 462 and 2112.
66
Calculate the greatest common factor of 39 and 247.
13
What is the highest common factor of 69 and 690?
69
What is the greatest common factor of 477 and 9?
9
Calculate the greatest common divisor of 627 and 57.
57
Calculate the highest common divisor of 150 and 33675.
75
Calculate the greatest common factor of 18263 and 35.
7
Calculate the highest common factor of 22 and 737.
11
What is the greatest common factor of 144 and 2628?
36
What is the greatest common divisor of 256 and 36?
4
Calculate the greatest common divisor of 399 and 114.
57
Calculate the highest common divisor of 24002 and 22.
22
What is the greatest common factor of 75 and 75?
75
Calculate the highest common factor of 2821 and 14.
7
Calculate the highest common divisor of 152 and 19.
19
What is the greatest common divisor of 300 and 80?
20
Calculate the greatest common factor of 8127 and 602.
301
Calculate the greatest common divisor of 572 and 44.
44
Calculate the highest common divisor of 60 and 498.
6
What is the greatest common divisor of 14 and 154?
14
What is the highest common factor of 20 and 40?
20
What is the highest common divisor of 5002 and 610?
122
What is the greatest common factor of 4123 and 31?
31
What is the highest common divisor of 17 and 493?
17
What is the greatest common divisor of 3 and 32?
1
What is the greatest common divisor of 4 and 50?
2
What is the highest common factor of 13 and 12701?
13
What is the highest common factor of 9359 and 382?
191
What is the greatest common factor of 80 and 64?
16
What is the greatest common factor of 572 and 143?
143
Calculate the greatest common divisor of 20 and 20.
20
What is the greatest common divisor of 1542 and 12?
6
Calculate the greatest common divisor of 485 and 25.
5
What is the greatest common factor of 55 and 5?
5
What is the greatest common factor of 4 and 1362?
2
What is the greatest common divisor of 292 and 511?
73
What is the highest common divisor of 2184 and 8?
8
What is the greatest common factor of 3306 and 29?
29
Calculate the greatest common divisor of 16 and 1216.
16
Calculate the highest common factor of 767 and 118.
59
Calculate the highest common factor of 117 and 104.
13
Calculate the greatest common divisor of 336 and 483.
21
What is the greatest c